)) + -1 + 0. Let z be x - 2 - -7 - (0 - 1). Is g(z) composite?
True
Let i = 15207 + -8837. Suppose i + 746 = 4*g + 2*x, 5323 = 3*g + 5*x. Is g a composite number?
True
Suppose 10*u + 28*u - 2437710 = 23653052. Is u a prime number?
False
Suppose 3*r = 87 + 390. Let m = 155 + r. Is m composite?
True
Suppose 0*i = 3*i - 12. Let j be -5*3*(-13)/195*(0 - -2). Suppose -i*b + j*d + 2540 = 4*d, 4*d + 3149 = 5*b. Is b a composite number?
True
Let u(f) = 1598*f - 19*f + 18 - 155. Is u(10) a prime number?
False
Suppose 0 = -f + 3*u + 15, 0 = -2*f + 5*u - 7 + 39. Let r(w) = -f*w + 8 + 3 + 388*w**3 - 395*w**3 - 8*w**2. Is r(-8) composite?
False
Let n(h) = h**3 + 8*h**2 - 19*h + 14. Let a be n(-10). Suppose 3*s + 5*i - 1513 = -37, s - 485 = -a*i. Is s a composite number?
True
Suppose -58*r - 103*r - 163919 = -3514812. Is r a prime number?
False
Let g(t) = 2*t**2 + 7*t - 7. Let s be g(1). Suppose 3*j - 3559 = -s*f, -542 - 1834 = -2*j + 2*f. Is j a composite number?
False
Let b be ((-4)/(-10))/(3*(-2)/(-2040)). Suppose -2*w - 3*t - b = 0, 0 = -w + 2*w - 5*t + 55. Let g = w + 152. Is g prime?
False
Suppose 3*u + 6 = 51. Let t be 3/12 - u/(-4). Suppose -2*i + 3*c = -1097, 5*i - t*c + 2*c - 2715 = 0. Is i prime?
True
Let a be (-209440)/(-22) + -1 + -1. Suppose -4*d + a = 1726. Suppose -8*q + d = -2076. Is q composite?
False
Suppose 6*b - b = -l - 16083, -l + 6436 = -2*b. Suppose t + 3*t = 12, -2*c + 9307 = -3*t. Let f = c + b. Is f composite?
True
Let d be (-42)/14*8/(-6). Let b(g) = -g**3 - 4*g**2 + g + 6. Let l be b(-5). Suppose 0 = -d*u - l + 2710. Is u a prime number?
False
Let v(n) = 6*n - 12. Let q be v(4). Let a(s) = -s - 1 + q - 14*s. Is a(-4) composite?
False
Suppose -2*k + 0*x + 68314 = 3*x, -102501 = -3*k + 3*x. Is k composite?
True
Suppose -49*b = -68*b + 317927. Is b a composite number?
True
Suppose -79*y - 250846 - 267512 = -85*y. Is y composite?
True
Let p(o) = 392*o**2 - 36*o - 87. Is p(-7) prime?
True
Let p(b) = 24*b**3 - 6*b**2 + b - 22. Let f(u) = -u**3 - u**2. Let t(q) = f(q) - p(q). Is t(-5) prime?
False
Suppose -9*c = -13*c - 3320. Let b = c - -2789. Is b a prime number?
False
Let b = 303 + -303. Suppose -16*m - 3*m + 215669 = b. Is m a composite number?
False
Is (-20)/18 - (-2118375164)/828 composite?
True
Suppose -2*n - 29449 + 33487 = 0. Is n composite?
True
Let d(q) = 73*q**3 + 5*q**2 - 3*q - 3. Suppose -9 = -44*c + 41*c. Let p be d(c). Suppose 3*f - 1783 - p = 2*m, 6309 = 5*f - 2*m. Is f prime?
False
Let j = -10 + 7. Let d be ((63/(-6))/j)/(2/288). Suppose -4*t + 2320 = d. Is t a prime number?
False
Let j = 508754 + 1850085. Is j composite?
True
Let w be 20987/(-5) + (-2)/(-5). Let l(x) = -2823*x - 11. Let r be l(1). Let f = r - w. Is f a composite number?
True
Let z(d) = -11*d - 198. Let a be z(-18). Suppose 87*y - 83*y - 58332 = a. Is y composite?
True
Let w(s) = -s**2 - 26*s - 25. Let g be w(-25). Suppose -6*n - 6 - 6 = g. Is (n/7 - 5/7)*-493 prime?
False
Let l(r) = 3125*r - 2498. Is l(11) a prime number?
False
Let o(j) = -3*j**2 + 12*j - 157. Let m be o(15). Is (4 + m + 1)/(-1) a prime number?
True
Let p be 0/(21/3 - 6). Suppose 4*g - 752 = -4*s, -2*g + p*g = -5*s - 397. Is g a composite number?
False
Let u(i) = -3*i**2 - 134*i + 26. Let q be u(-45). Let a(n) = -51*n + 50. Is a(q) composite?
False
Let g(m) = -3*m - 32. Let i be g(-12). Suppose -5621 = -i*p + 4055. Is p prime?
False
Suppose -4*w + 15 - 207 = -4*x, 134 = 3*x - 5*w. Suppose -46*b + x*b = 63231. Is b composite?
True
Let r be (-63)/9 - (-152)/8. Let m(s) = s**3 - 2*s**2 - 3*s + 131. Is m(r) composite?
True
Let g(m) = -m**3 + 4*m**2 + 2*m + 1. Let v be g(4). Suppose -s + v = 11. Is (-4 - -4) + 479 - s composite?
True
Let c(k) = -11*k**3 + 7*k**2 + 5*k + 5. Let n be c(-6). Let b = n - -506. Is b a composite number?
False
Suppose 3*f + 3316386 = 18*f - 8968599. Is f a prime number?
True
Is (-6)/((-1583604)/(-263943) + -6) a prime number?
True
Is 29663/3*(0 + 22 - 19) prime?
True
Let p(y) = -y**2 - 13*y - 36. Let v be p(-9). Suppose v = -12*a + 2643 + 10341. Is a composite?
True
Let w(k) = 20145*k**2 + 422*k - 42. Is w(-8) a prime number?
False
Let m(l) = 18*l**3 - 53 - 17*l**3 + 2*l - 5*l + 6*l**2. Is m(12) prime?
True
Is (-4)/(-2) + 125887*(-10)/(-40)*20 prime?
False
Let q be -57*(20/15 - (2 - 2)). Is ((-21732)/3)/(q/19) composite?
False
Suppose 459*y + 545833 = 464*y + 3*h, -2*h - 218346 = -2*y. Is y composite?
False
Let r = 12 - 8. Suppose 13540 = 4*v + 2*c, -7392 = -r*v + 4*c + 6172. Is v a composite number?
True
Let c(z) = -183*z**3 - 5*z**2 + 13*z + 29. Is c(-8) composite?
True
Let i(g) = -8*g + 90. Let s be i(15). Is 469 + (s/10 - (-3)/1) a composite number?
True
Let o(g) = 135*g**2 + 118. Is o(7) composite?
False
Let y = -6502 + 12927. Suppose 4*k - y = 17671. Suppose 4*b - k - 140 = 0. Is b prime?
False
Suppose -102139 - 67787 + 727776 = 30*p. Is p prime?
False
Let v(n) = -1706*n**3 - 13*n**2 - 16*n - 6. Is v(-7) a prime number?
True
Suppose -4*h + 431096 = 4*g, -3*h + g - 182995 = -506297. Is h composite?
True
Let w = 53 - 46. Let c(x) = -4 + 6*x - w*x**2 + 0*x + 7 - x**3. Is c(-8) prime?
True
Let j(f) = 18990*f + 170. Let k(n) = -1117*n - 10. Let t(r) = -3*j(r) - 50*k(r). Let b be t(6). Is b/40*2*-2 a prime number?
True
Let p(c) = -24*c - 275. Let z(j) = -8*j - 92. Let u(v) = -6*p(v) + 17*z(v). Let q be u(-25). Let y = 351 + q. Is y composite?
True
Suppose 155511 = 5*g - 6*o + 7*o, 4*o = 3*g - 93325. Is g a prime number?
False
Let t(p) be the first derivative of 1442*p**3 - 3*p**2 + 7*p - 39. Is t(1) composite?
False
Let u(x) = 3342*x**2 + 11*x + 12. Let n be u(-1). Suppose -6*g - 2232 = -2*k - 4*g, -n = -3*k - 2*g. Is k prime?
False
Is (4/10)/(14/4695355) a composite number?
False
Let l = -41 + 46. Let n(c) = 2663*c - 6. Is n(l) a prime number?
True
Let k = 246236 - 142422. Is k a prime number?
False
Let o(b) = 271*b**2 - 3 + 4*b + 0*b + 2*b + 5 - b. Is o(4) a composite number?
True
Let k(g) = -g**2 + 30*g - 27. Let x be k(29). Suppose 7368 = 2*u + x*r, -3*r + 8*r = 4*u - 14727. Is u a prime number?
False
Is -1 + 4 - (-13 + 8 - 329595) composite?
False
Let c(j) = -10*j + 318. Let p be c(33). Let i(k) = -599*k - 55. Is i(p) composite?
True
Let k be (4 - 5)/1 - -26. Suppose -k*c + 8628 = -13*c. Is c a composite number?
False
Let m(c) = 2*c. Let h be m(1). Suppose 3420 - 46850 = -10*d. Suppose -h*f + 5*u = -d, f + u = 1639 + 515. Is f prime?
False
Suppose -3*g - 2*g - 20 = 4*r, 3*g = 4*r - 12. Is (-2979)/2*g/12*2 prime?
False
Let c(w) be the third derivative of -w**6/30 - 7*w**5/60 - 11*w**4/24 + 13*w**3/6 - 86*w**2. Is c(-6) a composite number?
False
Suppose 0 = -2*b - 0*b - i + 70, -4*b - 4*i = -136. Is (-1233*(-6)/b)/((-2)/(-4)) composite?
True
Let h(c) = 48*c**3 + 17*c**2 - 49*c + 83. Is h(12) prime?
False
Let f(t) = t**3 - 13*t**2 + 2*t - 8. Let g be f(13). Suppose 7*s = s + g. Suppose -3*q + 5673 = -4*z + 774, -q + s*z + 1628 = 0. Is q prime?
True
Is 12/(-36)*((2 - -1) + 0 + -578916) prime?
True
Let s(l) = -2*l**3 - 11*l**2 + 5*l - 8. Let x be s(-6). Let r(i) = -i**3 + 5*i + 6. Let q be r(x). Suppose o - 2*c - 4 = 4, -o = 2*c - q. Is o a prime number?
False
Is ((-6)/24*-44 + 59528)/(2/2) a composite number?
False
Let l = -34 - -22. Let m(x) = 9*x**2 - 10*x - 17. Let b be m(l). Suppose -4*w + b = 303. Is w a prime number?
False
Let n(c) = -c**3 + 2*c + 4. Let r be n(-3). Suppose -21*k + r = -16*k. Suppose 5*z - 794 = 3*f, 4*z + 145 = k*z + 4*f. Is z a composite number?
False
Let n be (-6)/12*(-16)/1. Let g(f) = 5*f**3 - 15*f**2 + 30*f - 17. Is g(n) a composite number?
False
Let q = 4005 - -21836. Is q prime?
True
Suppose -m = -2*m - 33. Is (-1)/((-6)/m - 63252/347644) a composite number?
False
Let d(g) be the second derivative of -419*g**3/6 + 243*g**2/2 - 154*g. Is d(-34) prime?
True
Let f = -1249 + 207. Let z be -4 - -4 - (-3898 + 1). Let j = z + f. Is j a composite number?
True
Let s(a) = 4*a**2 + 90*a + 52. Let g be s(-23). Is (-1 + 1655)*147/g a composite number?
True
Let d be 4/10*-1 - 208/(-20). Is (15448/20)/(4/d) composite?
False
Let b(c) = 385*c - 25. Let p(u) = 128*u - 8. Let h(l) = -l - 16. Let x be h(-8). Let d(f) = x*p(f) + 3*b(f). Is d(8) a prime number?
False
Suppose 8*k - 5*k = -5*c + 11650, 5*k + 25 = 0. Is c a prime number?
True
Let f(